. What is x(d)?
-5
Let l be ((-224)/(-6))/(-7) + (-4)/(-12). Let k(r) be the second derivative of -r**4/12 - 2*r**3/3 - 3*r**2 + r. Calculate k(l).
-11
Suppose 4*z - 2*z = 3*c - 5, -7 = 4*z - 5*c. Let t(a) = -1 + z*a**2 - a**2 + a**2 - a**3. Let v(o) = -o**3 + 4*o**2 - 4*o + 2. Let h be v(3). Determine t(h).
2
Suppose -3 = -i + 2. Let f(o) be the first derivative of -3*o**2 + 2 + 1/3*o**3 + 5*o. Determine f(i).
0
Let i(r) = -r + 1. Suppose l = -l + 4. Let f(s) = s**3 + 6*s**2 + s + 3 - s**l - 4*s**2 + s. Let g be f(-2). Give i(g).
6
Let j = 6 - 6. Let y(t) = t**2 + 6. Let v be y(j). Let a(h) = -h - 1. What is a(v)?
-7
Let f(j) = 2*j - 9. Let n(z) = -z + 4. Let d = 11 - 17. Let l(v) = d*f(v) - 13*n(v). Determine l(5).
7
Let q be (-1)/12 + (-12)/(-72). Let i(k) be the third derivative of 0*k + 1/30*k**5 + 2*k**2 - 1/120*k**6 + 0 + q*k**4 + 1/3*k**3. Give i(3).
-1
Let w be (1 + (0 - 4))/(-1). Suppose 0*m - m = 4*a + 5, -4*m - 2*a + 8 = 0. Let t(k) = -4*k - 2*k**3 + 5*k**2 + m - 2*k**3 + 3*k**3. Calculate t(w).
9
Suppose -5*u + 19 + 11 = 0. Let k(o) = -o**3 + 5*o**2 + 6*o - 3. Calculate k(u).
-3
Suppose 3*v - 40 = -v. Let t = v + -11. Let x(r) = 4*r**3 - r**2 + 1. Calculate x(t).
-4
Suppose m + 29 = -4*c + 2*m, -20 = -4*m. Let j(a) = -a**2 - 4*a. What is j(c)?
-12
Let p(d) = 3*d**2 + d - 1. Suppose -5*n + 2 = 12. What is p(n)?
9
Let a(i) = -i**3 - 4*i**2 - 2*i - 1. Let z = -7 + 4. Calculate a(z).
-4
Suppose 3*y + 0 = t + 10, -5*y + 13 = 2*t. Let i(s) = 8*s - 1. Determine i(t).
-9
Let j(w) be the third derivative of w**5/60 - w**4/3 + w**3/2 - 19*w**2. Give j(6).
-9
Let v(b) = 8*b**3 - 2*b**2 + 2*b - 1. Let p be v(1). Let u(h) = -h**2 + 8*h + 6. Give u(p).
13
Let f(t) = 3*t - 7. Let g(u) = -1 - 1 - 6*u + 5*u. Let z be g(-6). Let i be ((-10)/8)/((-1)/z). Calculate f(i).
8
Suppose -4 = 4*y - 28. Let s(i) = 5*i**2 - y*i**2 + i - 7 + 0*i. Suppose 0 = t + t. What is s(t)?
-7
Suppose -5*t - 1 = -16. Let c(i) = -t*i + 3*i + 4*i + 6. Let g = 5 + -9. Calculate c(g).
-10
Let i(w) = -2*w**2 + 2*w + 7. Let j(z) = -3*z**2 + 3*z + 6. Let k(h) = -4*i(h) + 3*j(h). Determine k(0).
-10
Let d(c) = -c**3 + 7*c**2 + 10*c - 11. Let r be d(8). Let g(x) = -82 + 39 + 38 + 2*x. What is g(r)?
5
Let l be 1 - (0 - 1/(-1)). Suppose -2*j + 6*j + 20 = l. Let q(r) = -4*r + 0*r**3 + 4 - r**3 - 6*r**2 + 2. Determine q(j).
1
Suppose 0 = -3*b + 7*b - 2*i - 10, 5*b + 5*i = 5. Suppose 0 = -3*f + b*f. Let z(p) = f*p**2 + 0 - p**2 + 1 + 2*p. What is z(2)?
1
Suppose 4*i + 2 = -18. Let c be (-3)/i - 27/45. Let g(o) = o**3 + o. Calculate g(c).
0
Let p(j) = -6 + 3*j**3 - 2*j**3 + 6. Let s(a) = -a + 4. Let g be s(5). Let k = g + 2. Determine p(k).
1
Let c(b) be the third derivative of 1/3*b**3 - 3*b**2 - 1/60*b**5 + 0 + 0*b - 5/24*b**4. What is c(-5)?
2
Let k(d) = -24 - 6*d + d**2 + 3*d - 5*d + 29. Let f = 9 - 4. What is k(f)?
-10
Let n(m) = -3*m**2 - 2*m + 4. Let c(i) = i**2 - i - 1. Suppose 37*w - 8 = 33*w. Let r(s) = w*c(s) + n(s). Let v be (2 - 1)/((-2)/8). Give r(v).
2
Let x(f) be the second derivative of -7*f**4/12 - f**3/3 - f**2/2 + f. Let k = -7 + 1. Let n = k + 5. Calculate x(n).
-6
Let p(o) = 2*o**3 - o**2 - o. Let v = 4 - 2. Suppose 2*d - v + 4 = 0. Calculate p(d).
-2
Let h(o) = -3*o**3 + 2*o - 1. Let k be 1/(4/(-8)*-2). What is h(k)?
-2
Let k(f) = f**3 - 2*f**2 - 3*f + 1. Let j be 12/(-5) - 2/(-5). Let n(h) = -h**3 + h**2 + h. Let c(w) = j*n(w) - k(w). What is c(0)?
-1
Suppose 0 = 4*f - 9*f, -10 = -2*v + 4*f. Suppose 2*a + v = -17. Let u = a - -6. Let i(l) = l**3 + 5*l**2 - 2*l - 4. Calculate i(u).
6
Let i(h) = h**2 - 4. Let v be 2/(4/(-6)) - -3. What is i(v)?
-4
Let d(k) = -k**2 + 5*k + 8. Let p be d(6). Let u(c) = 20*c + 1 + 0*c**2 + 3*c**2 - 22*c. Give u(p).
9
Let u(k) be the first derivative of k**4 + k**3/3 - k**2/2 + k - 1. Suppose 3*h = 3*x - 27, 0*x + 12 = -3*x. Let t = -12 - h. Calculate u(t).
5
Let g(i) be the third derivative of -i**8/6720 - i**7/630 - i**6/720 - i**5/24 + i**4/8 - 3*i**2. Let h(t) be the second derivative of g(t). What is h(-4)?
-1
Let k(i) = -i**3 - 3*i**2 + 2. Let q = -11 - -17. Suppose 3*h = q*h + 3. Let c be 0 + h*2 - 0. Give k(c).
-2
Let w(c) be the first derivative of c**4/12 - c**3/3 - 3*c**2/2 - 5*c + 4. Let v(x) be the first derivative of w(x). Give v(3).
0
Suppose 24 = -25*o + 21*o. Let u(y) = y**3 + 5*y**2 - 6*y + 2. Give u(o).
2
Let s(b) = -5*b. Let y be s(1). Let c(i) = 4*i**2 - i + 1. Let z be c(1). Let d(j) = z*j + 0*j + 2 - 3 + j**2. Calculate d(y).
4
Suppose -5*m - n - 3 = 0, 2*n = -3*m - 2*n - 12. Let j(r) be the third derivative of 1/6*r**3 + 0*r - 1/60*r**5 + m + 2*r**2 + 5/24*r**4. Calculate j(5).
1
Let p(s) = -6*s + 2*s - 4 + 4. Calculate p(3).
-12
Let k(p) = p**2 - 10*p + 12. Let r = 91 - 83. Give k(r).
-4
Let m(x) = -8*x + 2. Suppose -3*j - 2 = -4*j. Give m(j).
-14
Let b(c) = -3*c**3 - 4*c**2. Let r(o) = -2*o**3 - o**2 + o + 1. Let m(k) = b(k) - r(k). Calculate m(-3).
2
Let a(w) = w**2 - 5*w - 2. Suppose 3*m + 3*h + 36 = 0, -2*m - h - 2 - 21 = 0. Let v(s) = s**2 + 10*s - 6. Let k be v(m). Calculate a(k).
-2
Let m(w) = -2*w + 7. Let o(n) = 8*n - 9. Let t(l) = 7*l - 10. Let x(k) = 3*o(k) - 4*t(k). Let s(q) = -11*m(q) + 6*x(q). Determine s(4).
-7
Suppose 0 = -5*y - 53 + 13. Let n = y + 13. Let c(t) = 4*t - 4*t + t + 3. What is c(n)?
8
Let o(y) = -y**2 - y - 411 - 417 + 827 - 2*y**3. Calculate o(2).
-23
Let a = -17 + 14. Let i(w) = -w**3 - 2*w**2 + 4*w - 1. Calculate i(a).
-4
Let b(s) = -s + 3. Let u = 7 + -13. What is b(u)?
9
Suppose 3*f - y = 3*y, f + 5*y - 19 = 0. Let m(h) = h**2 - h**2 - h**2 + 2 + h. What is m(f)?
-10
Let f(q) = -q**2 - 4*q. Let v(x) = x**2 - 9*x + 2. Let g be v(7). Let m be g/8*(-12)/(-9). What is f(m)?
4
Suppose g = 11 - 10. Let o(j) = 5*j + g + 0*j - 3*j. Let p(l) = -l - 3. Let n be p(0). What is o(n)?
-5
Suppose 2*g + g = 0. Let l(c) = -c - 8. Determine l(g).
-8
Let y(o) be the third derivative of o**4/24 - 2*o**3/3 - 4*o**2. Suppose -4*k + 2*k - 3*l = -10, -3*k - 2*l = -10. Suppose -k - 13 = -3*j. Give y(j).
1
Let h(j) = -j**2 + 6*j + 7. Suppose -4*z - 4*g = -z - 29, -2*z + 5*g + 4 = 0. Calculate h(z).
0
Let w(j) = -9*j**3 - 7*j**2 - 4*j - 5. Let o(q) be the first derivative of 5*q**4/4 + 4*q**3/3 + q**2 + 3*q + 2. Let p(n) = -7*o(n) - 4*w(n). Determine p(2).
11
Let o(p) = 3*p**3 + p**3 + 3*p**2 - 3*p**3 + 6*p - 3 - 2*p**3. Determine o(4).
5
Suppose -12 = 4*p + 8. Let m(u) = u**3 + 4*u**2 - 5*u + 1. Calculate m(p).
1
Let s(k) = -k**3 - 2*k**2 - 5 - 2*k**2 + 8*k**2. Let u be (34/85)/(1/10). Give s(u).
-5
Let v = -30 + 11. Let r = v + 25. Let j(f) = f**2 - 10*f + 8. Let q(a) = -3*a**2 + 31*a - 24. Let x(s) = -7*j(s) - 2*q(s). What is x(r)?
4
Let h(g) = 5*g**3 - 3*g**2 + 4*g + 8. Let b(o) = -o**3 + o**2 - o. Let s(i) = 4*b(i) + h(i). Give s(0).
8
Let s be (0 + 2)*(-3)/(-2). Let x(w) be the first derivative of w**4/12 - 2*w**3/3 + w**2/2 + 5*w - 5. Let p(a) be the first derivative of x(a). Calculate p(s).
-2
Let g = -1 + -5. Let m be 3/g + (-6)/(-4). Let r(p) = 7*p + m - p**3 - 7*p. Give r(2).
-7
Let r(n) = n**3 + n + 1. Let v(b) = -6*b**3 + 8*b**2 - 2*b - 16. Let w(j) = -5*r(j) - v(j). Give w(8).
-13
Suppose -r = -0*r - 194. Let f(g) = r - 191 - g**2 - 6*g + g. Give f(-4).
7
Let t(l) be the third derivative of -l**5/60 - l**4/24 - 5*l**2. Let g(p) = -5*p**2 - 13*p. Let y(v) = -g(v) + 6*t(v). Determine y(6).
6
Let s(p) = -p**3 - 6*p**2 + 5*p - 10. Let l be s(-7). Let y(b) be the first derivative of 1/4*b**4 + b**2 - l + b**3 + b. What is y(-3)?
-5
Suppose -x = 4*x. Suppose 2*c + 2*c - 8 = 0. Let a(d) = 2*d - c*d - d. Determine a(x).
0
Suppose 0*n + 3 = 4*a + 3*n, 2*a + 3*n + 3 = 0. Let c = -7 - -9. Let w(i) = 2 - i + 0 - c*i + i**2 + 0*i. Give w(a).
2
Let u = 23 + -17. Let b(v) = -v**2 + 8*v - 9. Give b(u).
3
Suppose x + 14 = 4*d + 3, -4*x + 4 = 0. Let k(g) = -3*g + 0*g**2 - g**d + 2*g**3 + 2*g**2. Give k(-3).
0
Let g = -19 - -17. Let q(j) = -2*j**2 - 2*j + 1. Determine q(g).
-3
Let n(d) = -d - 4. Let p be ((-4)/(-3))/(6/(-27)). Give n(p).
2
Let d(k) = -k**2 - 3*k - 3. Let r be d(-3). Let v(b) be the first derivative of -3 - 4*b - 3/2*b**2. Give v(r).
5
Let j(r) = -3*r**3 - 7*r**2 - r - 3. Let p(n) = -2*n**3 - 6*n**2 - 3. Let u(h) = 3*j(h) - 4*p(h). Determine u(2).
1
Let s(n) = -3*n + 7. Let g(u) = 4 - 4*